 h - -92. What is the remainder when 152 is divided by z?
35
Let n = -14 + 31. Suppose -3*v = z - 344 - 47, -5*z + 407 = 3*v. Suppose 2*w = r + v + 100, -2*r + 6 = 0. Calculate the remainder when w is divided by n.
14
Let w(v) be the first derivative of -7 + 5/3*v**3 - 17/2*v**2 + 3*v. Calculate the remainder when 57 is divided by w(4).
12
Let f(t) = t**3 - 2*t**2 + 2. Suppose 16 = -5*c + 5*d - 14, -4*d + 28 = -5*c. What is the remainder when f(4) is divided by (c/16)/((-1)/76)?
15
Suppose -1250 = 11*g - 216. What is the remainder when 147 is divided by (-3901)/g - ((-3)/(-2) - 1)?
24
Let p = 1331 - 1306. What is the remainder when 167 is divided by p?
17
Let w = -2092 - -3525. Calculate the remainder when w is divided by 41.
39
Let f = -285 - -385. Let o = f + -49. What is the remainder when o is divided by 45?
6
Let z(l) = -l**3 - 104*l**2 + 239*l + 2970. Calculate the remainder when 4208 is divided by z(-106).
104
Suppose -3*o + 244 = -s, -5*o + 383 + 29 = s. Calculate the remainder when 531 is divided by o.
39
Suppose -x + 4 + 0 = 0. Suppose i - 5 + 2 = 0, -x*i = 5*w - 152. Calculate the remainder when 79 is divided by w.
23
Let c(n) = -2*n**2 - n + 2. Let u be c(-2). Suppose 211*v - 6192 = 67*v. Let x = v - u. What is the remainder when x is divided by 13?
8
Let i(v) = 91*v - 51 - 35*v - 38*v - 48*v. Let d be (0 - 0 - 1)*7. Calculate the remainder when i(d) is divided by 54.
51
Suppose -l + 2*y = -690, -6*l + 370*y - 369*y + 4052 = 0. What is the remainder when l is divided by 265?
144
What is the remainder when (-3938600)/(-920) - ((-180)/46 - -4) is divided by 34?
31
Let k = 1526 - 1272. Suppose 0*b - 3*b + 2*p = 353, b + 3*p + 125 = 0. Let v = k + b. Calculate the remainder when v is divided by 34.
33
Suppose 3*y - 2*c = -7*c + 822, 5*y + 2*c - 1370 = 0. Let n = y - 160. Let k = 54 + -15. What is the remainder when n is divided by k?
36
Let o(c) = 3*c**2 + 123*c + 703. Let g = 17 + -1. What is the remainder when o(-35) is divided by g?
9
Let q(u) = 3*u**2 - 3*u. Let p be q(2). Suppose -2*g - 488 = p*g. Let z = g - -80. What is the remainder when 56 is divided by z?
18
Let a be 622/4*(9 - 7). Let s = a + -209. Suppose -3*k = 2*k - 130. Calculate the remainder when s is divided by k.
24
What is the remainder when 77924/874 - 6/38 is divided by 82?
7
Suppose -145*c = -79*c - 8712. What is the remainder when 9632 is divided by c?
128
Let g = 4132 + -3796. What is the remainder when g is divided by 123?
90
Let l(v) = 2 + 82*v - 4 - 5*v. Let s = 84 - 83. What is the remainder when l(s) is divided by 26?
23
Let b(p) = -p**3 + 7*p**2 + 37*p - 92. Calculate the remainder when b(7) is divided by 72.
23
Let w(l) = 5*l**2 - 52 - 19*l - 16 - 6*l**2. What is the remainder when 35 is divided by w(-14)?
1
Suppose 2*l + 3*m - 158 - 12 = 0, 2*m - 245 = -3*l. What is the remainder when l is divided by 9?
7
Let q = -2752 - -4216. What is the remainder when q is divided by 32?
24
Let h(d) = -15*d + 666. Calculate the remainder when h(-4) is divided by 9.
6
Let i(a) = 3*a + 11. Let t be -1 + -30*33/6. Let n = -157 - t. What is the remainder when 111 is divided by i(n)?
35
Suppose r - 3*a = -2*r + 6, -3*r + 2*a = -8. Suppose r*p - p = 2*c + 15, 0 = -4*c + 2*p - 10. Calculate the remainder when (70/4 - c)/(3/6) is divided by 19.
16
Suppose -5*h = -1 - 9. Let o be (35/(-5) - -5)*h. What is the remainder when 97 is divided by o/(-14) + (-2977)/(-91)?
31
Suppose 61*j = -11756 + 31032. What is the remainder when j is divided by 41?
29
Let f = -3869 - -4119. Calculate the remainder when f is divided by 9.
7
Let b = -1044 - -1067. Calculate the remainder when 401 is divided by b.
10
Suppose 208 = 3*m + i, -4*m - 2935 = -i - 3196. Calculate the remainder when 7633 is divided by m.
62
Suppose -4*d + 2*y + 644 = 0, -4*d + 143 = -3*d - 5*y. Suppose 2*w - d + 23 = 0. Calculate the remainder when 40 is divided by (0 + w/(-25))*-5.
12
Suppose -4*a - 10031 = -18*t + 17*t, 5*t - 50309 = -2*a. Calculate the remainder when t is divided by 86.
83
Suppose 5*d - 90 = -5*k, 0 = 7*k - 9*k - 3*d + 40. Let m = k + 173. What is the remainder when m is divided by 64?
59
Let o(y) be the first derivative of -3*y**2 + 51*y - 6. Let s(f) = f**3 + 7*f**2 + 2*f + 6. What is the remainder when o(-16) is divided by s(-6)?
27
Calculate the remainder when 2680 is divided by -2*(-7)/56 - (1 + 1068/(-16)).
40
Suppose -4878 = -3*h - 6*l, -4*h + 2*l = -940 - 5624. What is the remainder when h is divided by 271?
12
Suppose -5*z - 216 = -8*z + 5*k, 4*k = 5*z - 373. Calculate the remainder when 679 is divided by z.
63
Let t(u) = 4*u**2 + 56*u + 13. Suppose 34*b = 37*b - 540. Calculate the remainder when b is divided by t(-14).
11
Let f(n) = -n**2 - 3*n. Let k be f(-2). Suppose 0*h - 5*h - 2*i + 21 = 0, -6 = -k*i. Suppose -6*u = -h*u - 369. What is the remainder when u is divided by 18?
15
Suppose -31*s + 11*s + 80 = 0. Let x be (40/55)/s + 324/33. Suppose 23*g = 24*g - x. What is the remainder when 58 is divided by g?
8
Suppose 23 = 5*z - 4*z + 4*t, -2*t - 6 = 0. Let w = z + -26. Suppose -15*d + 954 = -w*d. Calculate the remainder when d is divided by 20.
19
Suppose 0*y = -3*r + 4*y + 35, 2 = 2*y. Let p(n) = -7*n - 1. Let s be p(-5). Suppose s = 15*u - r*u. Calculate the remainder when 83 is divided by u.
15
Suppose 3*z - 74 = 343. Suppose -12*b + 1471 = z. Calculate the remainder when b is divided by 38.
35
Suppose -35*h - 34*h + 7147 = -4859. What is the remainder when 1026 is divided by h?
156
Let r = 26709 + -26438. Calculate the remainder when 2717 is divided by r.
7
Let m(k) = 67*k**2 + k - 2. Let y be m(1). Suppose -y - 40 = -l. Calculate the remainder when l is divided by 54.
52
Let d(a) = -3*a**3 + 24*a**2 - 12*a - 10. Calculate the remainder when 381 is divided by d(5).
71
Suppose 12*w - s = 16*w - 482, 4*s = 3*w - 352. Let t be 1/(-2)*-2 - -163. Suppose -t = -2*j - 2*j. Calculate the remainder when w is divided by j.
38
Suppose 5*g + 160 = 25*g. What is the remainder when 83 is divided by g?
3
Suppose 171513 = 134*p - 68*p + 105*p. What is the remainder when p is divided by 19?
15
Suppose 21 + 274 = 5*l. Let u(t) = 229*t**2 - 59*t - 35. What is the remainder when u(-2) is divided by l?
55
Let k(t) = t**2 + 2*t + 1. Let d be ((-4)/(-8) + -2)*-2. What is the remainder when 717 is divided by k(d)?
13
Suppose -2*p + 4*d - 16 = -6*p, -5*p + 2*d = 8. Suppose p = 2*f - 131 + 39. What is the remainder when f is divided by (-3)/(3 + (-81)/24) - 0?
6
Let f(q) = -q**2 - q + 5. What is the remainder when f(0) is divided by (-560)/(-224) - (-2)/(-4)?
1
Suppose 0 = 3*v - 5*k - 2, 2 = -2*v + 2*k + 3*k. Suppose 3 = a, 6*g + 4*a = 8*g + 1030. Let s = g - -524. Calculate the remainder when s is divided by v.
3
Let f(t) = 8*t**2 + 3*t + 4. Let b(k) = k**3 - 3*k - 3. Let m be b(-2). What is the remainder when f(m) is divided by ((-28)/(-1))/(4830/8280)?
45
Let k be (5 - 3)/(2/(-1)) - -5. Suppose -15 = -k*q + 33. Calculate the remainder when (-70)/((0 + -1)/1) is divided by q.
10
Let x = 86 + -83. Suppose 4*p - 86 = -2*f, -4*p = -x*f + 27 + 152. Calculate the remainder when f is divided by 11.
9
Let l(w) = w**3 - 6*w**2 - 30*w + 154. What is the remainder when 77 is divided by l(8)?
35
Let z be -1*(4/6)/(10/(-645)). Suppose -3*x - z = -o, 2*o = o + 2*x + 39. Calculate the remainder when o is divided by 5.
1
Let z = -2551 - -2556. What is the remainder when 282 is divided by z?
2
Let h(p) = 9*p**2 + 10*p - 3. Calculate the remainder when h(-7) is divided by (-184)/23 - 0 - (-2)/(4/90).
35
Let o = 1154 + -977. Calculate the remainder when o is divided by 32.
17
Let d(r) = 3*r**2 + 87*r - 662. Calculate the remainder when d(9) is divided by 120.
4
Suppose -84 = -4*n + n. Let r(t) = -2*t**3 + 15*t**2 - 4*t - 11. Calculate the remainder when n is divided by r(7).
8
Let w = 11400 + -10705. Calculate the remainder when w is divided by 122.
85
Let d = 7029 + -6236. Calculate the remainder when d is divided by 36.
1
Suppose -t + 4*c + 311 = -196, 2*t - c = 1028. Suppose 12*p = 385 + t. Calculate the remainder when p is divided by 28.
19
Suppose 0 = -251*p - 235*p + 1944. What is the remainder when (-6)/(-15) - 113/(-5) is divided by p?
3
Let h(d) = d**2 - 19*d - 19. Let x be h(20). What is the remainder when 28*4/8